{"id":621,"date":"2025-01-30T12:42:29","date_gmt":"2025-01-30T11:42:29","guid":{"rendered":"https:\/\/ellypara.com\/?post_type=product&#038;p=621"},"modified":"2025-01-30T12:42:30","modified_gmt":"2025-01-30T11:42:30","slug":"saforelle-soin-lavant-doux-format-voyage-100ml","status":"publish","type":"product","link":"https:\/\/ellypara.com\/index.php\/produit\/saforelle-soin-lavant-doux-format-voyage-100ml\/","title":{"rendered":"SAFORELLE Soin Lavant Doux Format Voyage 100ml"},"content":{"rendered":"<p>Le<strong>\u00a0Soin Lavant Doux<\/strong>\u00a0de\u00a0<strong>SAFORELLE<\/strong>\u00a0est parfait pour apaiser les irritations pr\u00e9sentes sur la zone intime. Ce soin nettoyant est particuli\u00e8rement doux avec une composition enrichie \u00e0 l\u2019extrait de bardane pour calmer la peau. Il est adapt\u00e9 aux peaux les plus sensibles et aux peaux irrit\u00e9es gr\u00e2ce \u00e0 son pH adapt\u00e9 qui prot\u00e8ge et apaise. Ce soin lavant doux a \u00e9t\u00e9 test\u00e9 sous contr\u00f4le m\u00e9dical par des gyn\u00e9cologues et des dermatologues, il convient aussi aux femmes enceintes. Gr\u00e2ce \u00e0 ce soin intime lavant les sensations d\u2019inconfort sont fortement r\u00e9duites pour vous apporter un confort optimal tout au long de la journ\u00e9e.<\/p>\n<p><strong>Composition<\/strong><\/p>\n<p>Aqua, Cocamidopropyl Betaine, Stearamine Oxide, Tetrasodium EDTA, Sodium Hydroxide, PEG-6 Caprilic, Capric Glycerides, Cocamide DEA, Parfum (Fragrance), Arctium Lappa.<\/p>\n<p><strong>Conseil d\u2019utilisation<\/strong><\/p>\n<p>Saforelle Soin lavant doux s\u2019utilise comme un savon liquide sur la peau et\/ou les muqueuses externes sous la douche ou dans le bain. Faire mousser puis rincer abondamment \u00e0 l\u2019eau claire.<br \/>\nIl s\u2019utilise quotidiennement et particuli\u00e8rement en p\u00e9riode d\u2019irritations.<\/p>\n","protected":false},"excerpt":{"rendered":"<div class=\"product-short-description\">\n<p>Ce Soin Lavant Doux Hygi\u00e8ne Intime au format de 100ml permet de nettoyer en douceur, sans irriter les parties intimes.<\/p>\n<\/div>\n<form class=\"cart\" action=\"https:\/\/www.maparatunisie.tn\/produit\/saforelle-soin-lavant-doux-format-voyage-100-ml\/\" enctype=\"multipart\/form-data\" method=\"post\">\n<div class=\"ux-quantity quantity buttons_added\"><\/div>\n<\/form>\n","protected":false},"featured_media":622,"comment_status":"open","ping_status":"closed","template":"","meta":{"ocean_post_layout":"","ocean_both_sidebars_style":"","ocean_both_sidebars_content_width":0,"ocean_both_sidebars_sidebars_width":0,"ocean_sidebar":"0","ocean_second_sidebar":"0","ocean_disable_margins":"enable","ocean_add_body_class":"","ocean_shortcode_before_top_bar":"","ocean_shortcode_after_top_bar":"","ocean_shortcode_before_header":"","ocean_shortcode_after_header":"","ocean_has_shortcode":"","ocean_shortcode_after_title":"","ocean_shortcode_before_footer_widgets":"","ocean_shortcode_after_footer_widgets":"","ocean_shortcode_before_footer_bottom":"","ocean_shortcode_after_footer_bottom":"","ocean_display_top_bar":"default","ocean_display_header":"default","ocean_header_style":"","ocean_center_header_left_menu":"0","ocean_custom_header_template":"0","ocean_custom_logo":0,"ocean_custom_retina_logo":0,"ocean_custom_logo_max_width":0,"ocean_custom_logo_tablet_max_width":0,"ocean_custom_logo_mobile_max_width":0,"ocean_custom_logo_max_height":0,"ocean_custom_logo_tablet_max_height":0,"ocean_custom_logo_mobile_max_height":0,"ocean_header_custom_menu":"0","ocean_menu_typo_font_family":"0","ocean_menu_typo_font_subset":"","ocean_menu_typo_font_size":0,"ocean_menu_typo_font_size_tablet":0,"ocean_menu_typo_font_size_mobile":0,"ocean_menu_typo_font_size_unit":"px","ocean_menu_typo_font_weight":"","ocean_menu_typo_font_weight_tablet":"","ocean_menu_typo_font_weight_mobile":"","ocean_menu_typo_transform":"","ocean_menu_typo_transform_tablet":"","ocean_menu_typo_transform_mobile":"","ocean_menu_typo_line_height":0,"ocean_menu_typo_line_height_tablet":0,"ocean_menu_typo_line_height_mobile":0,"ocean_menu_typo_line_height_unit":"","ocean_menu_typo_spacing":0,"ocean_menu_typo_spacing_tablet":0,"ocean_menu_typo_spacing_mobile":0,"ocean_menu_typo_spacing_unit":"","ocean_menu_link_color":"","ocean_menu_link_color_hover":"","ocean_menu_link_color_active":"","ocean_menu_link_background":"","ocean_menu_link_hover_background":"","ocean_menu_link_active_background":"","ocean_menu_social_links_bg":"","ocean_menu_social_hover_links_bg":"","ocean_menu_social_links_color":"","ocean_menu_social_hover_links_color":"","ocean_disable_title":"default","ocean_disable_heading":"default","ocean_post_title":"","ocean_post_subheading":"","ocean_post_title_style":"","ocean_post_title_background_color":"","ocean_post_title_background":0,"ocean_post_title_bg_image_position":"","ocean_post_title_bg_image_attachment":"","ocean_post_title_bg_image_repeat":"","ocean_post_title_bg_image_size":"","ocean_post_title_height":0,"ocean_post_title_bg_overlay":0.5,"ocean_post_title_bg_overlay_color":"","ocean_disable_breadcrumbs":"default","ocean_breadcrumbs_color":"","ocean_breadcrumbs_separator_color":"","ocean_breadcrumbs_links_color":"","ocean_breadcrumbs_links_hover_color":"","ocean_display_footer_widgets":"default","ocean_display_footer_bottom":"default","ocean_custom_footer_template":"0"},"product_brand":[],"product_cat":[26,44,87,96],"product_tag":[],"class_list":{"0":"post-621","1":"product","2":"type-product","3":"status-publish","4":"has-post-thumbnail","6":"product_cat-promo","7":"product_cat-hygiene","8":"product_cat-hygiene-intime","9":"product_cat-toilette-intime","11":"entry","12":"has-media","14":"first","15":"instock","16":"sale","17":"taxable","18":"shipping-taxable","19":"purchasable","20":"product-type-simple","21":"has-product-nav","22":"col","23":"span_1_of_3","24":"owp-content-center","25":"owp-thumbs-layout-horizontal","26":"owp-btn-normal","27":"owp-tabs-layout-horizontal","28":"has-no-thumbnails"},"_links":{"self":[{"href":"https:\/\/ellypara.com\/index.php\/wp-json\/wp\/v2\/product\/621","targetHints":{"allow":["GET"]}}],"collection":[{"href":"https:\/\/ellypara.com\/index.php\/wp-json\/wp\/v2\/product"}],"about":[{"href":"https:\/\/ellypara.com\/index.php\/wp-json\/wp\/v2\/types\/product"}],"replies":[{"embeddable":true,"href":"https:\/\/ellypara.com\/index.php\/wp-json\/wp\/v2\/comments?post=621"}],"wp:featuredmedia":[{"embeddable":true,"href":"https:\/\/ellypara.com\/index.php\/wp-json\/wp\/v2\/media\/622"}],"wp:attachment":[{"href":"https:\/\/ellypara.com\/index.php\/wp-json\/wp\/v2\/media?parent=621"}],"wp:term":[{"taxonomy":"product_brand","embeddable":true,"href":"https:\/\/ellypara.com\/index.php\/wp-json\/wp\/v2\/product_brand?post=621"},{"taxonomy":"product_cat","embeddable":true,"href":"https:\/\/ellypara.com\/index.php\/wp-json\/wp\/v2\/product_cat?post=621"},{"taxonomy":"product_tag","embeddable":true,"href":"https:\/\/ellypara.com\/index.php\/wp-json\/wp\/v2\/product_tag?post=621"}],"curies":[{"name":"wp","href":"https:\/\/api.w.org\/{rel}","templated":true}]}}