{"id":643,"date":"2025-01-30T21:56:35","date_gmt":"2025-01-30T20:56:35","guid":{"rendered":"https:\/\/ellypara.com\/?post_type=product&#038;p=643"},"modified":"2025-02-01T16:19:52","modified_gmt":"2025-02-01T15:19:52","slug":"eucerin-serum-duo-anti-pigment-30ml","status":"publish","type":"product","link":"https:\/\/ellypara.com\/index.php\/produit\/eucerin-serum-duo-anti-pigment-30ml\/","title":{"rendered":"EUCERIN Serum Duo Anti Pigment 30ml"},"content":{"rendered":"<p><strong>Eucerin Anti-Pigment S\u00e9rum Duo Anti-Taches 30ml<\/strong><\/p>\n<p>Eucerin Anti-Pigment S\u00e9rum Duo Anti-Taches 30ml r\u00e9duit les taches brunes et pr\u00e9vient leur r\u00e9apparition, pour une peau plus lumineuse et unifi\u00e9e.<\/p>\n<p>Premiers r\u00e9sultats visibles d\u00e8s deux semaines*.<\/p>\n<p>Notre S\u00e9rum est formul\u00e9 avec de l\u2019Acide Hyaluronique concentr\u00e9 et du Thiamidol, un actif innovant brevet\u00e9 qui agit \u00e0 la source de l\u2019hyperpigmentation.<\/p>\n<p>Obtenez un teint \u00e9clatant gr\u00e2ce \u00e0 ce s\u00e9rum double action !<\/p>\n<p>*Evaluation clinique pendant 12 semaines sur 34 volontaires, application conjointe des soins Eucerin Anti-Pigment S\u00e9rum Duo et Soin de Jour SPF30 2 fois par jour pendant 12 semaines.<\/p>\n<p>Recommand\u00e9 par les dermatologues.<\/p>\n<p>*Un s\u00e9rum double action contenant du Thiamidol et de l\u2019Acide Hyaluronique.<\/p>\n<p>*R\u00e9duit efficacement les taches brunes et emp\u00eache leur r\u00e9apparition.<\/p>\n<p>*Am\u00e9liore l\u2019aspect de la peau<\/p>\n<p>*Adapt\u00e9 \u00e0 tous les types de peau.<\/p>\n<p>*Soin \u00e0 utiliser de jour comme de nuit.<\/p>\n<p><strong>Indications :<\/strong><\/p>\n<p>S\u00e9rum anti-taches.<\/p>\n<p><strong>Conseils d\u2019utilisation :<\/strong><\/p>\n<p>Appliquer sur une peau propre et s\u00e8che sur le visage, le cou et le d\u00e9collet\u00e9.<\/p>\n<p>Appliquez des produits contenant du Thiamidol au maximum 4 fois par jour. \u00c9vitez le contact avec les yeux. Ne pas conserver \u00e0 plus de 25\u00b0C.<\/p>\n<p><strong>Composition :<\/strong><\/p>\n<p>Aqua, Alcohol Denat., Butylene Glycol,Glycerin, Isopropyl Palmitate, Cetearyl Isononanoate,Diisopropyl Adipate, Propylheptyl Caprylate, CetearylAlcohol, Distarch Phosphate Isobutylamido Thiazolyl Resorcinol, Sodium Ascorbyl Phosphate, Sodium Hyaluronate, Glycyrrhiza Inflata Root Extract, Tocopherol, Glucosylrutin, Sodium Stearoyl Glutamate, Glyceryl Stearate, Hydroxypropyl Starch Phosphate, Dehydroxanthan Gum, Xanthan Gum, Gellan Gum, Dimethicone, Isoquercitrin, Citric Acid, Sodium Chloride, Ethylhexylglycerin, Trisodium EDTA, Phenoxyethanol, Parfum.<\/p>\n<p><strong>Conditionnement :<\/strong><\/p>\n<p>1 flacon de 30ml.<\/p>\n","protected":false},"excerpt":{"rendered":"<div class=\"product-short-description\">\n<p>EUCERIN Serum Duo Anti Pigment agit sur les probl\u00e8mes de pigmentation, il aide \u00e0 r\u00e9duire les taches brunes et redonne \u00e0 la peau un teint uniforme.<\/p>\n<\/div>\n<form class=\"cart\" action=\"https:\/\/www.maparatunisie.tn\/produit\/eucerin-serum-duo-anti-pigment\/\" enctype=\"multipart\/form-data\" method=\"post\">\n<div class=\"ux-quantity quantity buttons_added\"><\/div>\n<\/form>\n","protected":false},"featured_media":644,"comment_status":"open","ping_status":"closed","template":"","meta":{"ocean_post_layout":"","ocean_both_sidebars_style":"","ocean_both_sidebars_content_width":0,"ocean_both_sidebars_sidebars_width":0,"ocean_sidebar":"0","ocean_second_sidebar":"0","ocean_disable_margins":"enable","ocean_add_body_class":"","ocean_shortcode_before_top_bar":"","ocean_shortcode_after_top_bar":"","ocean_shortcode_before_header":"","ocean_shortcode_after_header":"","ocean_has_shortcode":"","ocean_shortcode_after_title":"","ocean_shortcode_before_footer_widgets":"","ocean_shortcode_after_footer_widgets":"","ocean_shortcode_before_footer_bottom":"","ocean_shortcode_after_footer_bottom":"","ocean_display_top_bar":"default","ocean_display_header":"default","ocean_header_style":"","ocean_center_header_left_menu":"0","ocean_custom_header_template":"0","ocean_custom_logo":0,"ocean_custom_retina_logo":0,"ocean_custom_logo_max_width":0,"ocean_custom_logo_tablet_max_width":0,"ocean_custom_logo_mobile_max_width":0,"ocean_custom_logo_max_height":0,"ocean_custom_logo_tablet_max_height":0,"ocean_custom_logo_mobile_max_height":0,"ocean_header_custom_menu":"0","ocean_menu_typo_font_family":"0","ocean_menu_typo_font_subset":"","ocean_menu_typo_font_size":0,"ocean_menu_typo_font_size_tablet":0,"ocean_menu_typo_font_size_mobile":0,"ocean_menu_typo_font_size_unit":"px","ocean_menu_typo_font_weight":"","ocean_menu_typo_font_weight_tablet":"","ocean_menu_typo_font_weight_mobile":"","ocean_menu_typo_transform":"","ocean_menu_typo_transform_tablet":"","ocean_menu_typo_transform_mobile":"","ocean_menu_typo_line_height":0,"ocean_menu_typo_line_height_tablet":0,"ocean_menu_typo_line_height_mobile":0,"ocean_menu_typo_line_height_unit":"","ocean_menu_typo_spacing":0,"ocean_menu_typo_spacing_tablet":0,"ocean_menu_typo_spacing_mobile":0,"ocean_menu_typo_spacing_unit":"","ocean_menu_link_color":"","ocean_menu_link_color_hover":"","ocean_menu_link_color_active":"","ocean_menu_link_background":"","ocean_menu_link_hover_background":"","ocean_menu_link_active_background":"","ocean_menu_social_links_bg":"","ocean_menu_social_hover_links_bg":"","ocean_menu_social_links_color":"","ocean_menu_social_hover_links_color":"","ocean_disable_title":"default","ocean_disable_heading":"default","ocean_post_title":"","ocean_post_subheading":"","ocean_post_title_style":"","ocean_post_title_background_color":"","ocean_post_title_background":0,"ocean_post_title_bg_image_position":"","ocean_post_title_bg_image_attachment":"","ocean_post_title_bg_image_repeat":"","ocean_post_title_bg_image_size":"","ocean_post_title_height":0,"ocean_post_title_bg_overlay":0.5,"ocean_post_title_bg_overlay_color":"","ocean_disable_breadcrumbs":"default","ocean_breadcrumbs_color":"","ocean_breadcrumbs_separator_color":"","ocean_breadcrumbs_links_color":"","ocean_breadcrumbs_links_hover_color":"","ocean_display_footer_widgets":"default","ocean_display_footer_bottom":"default","ocean_custom_footer_template":"0"},"product_brand":[],"product_cat":[26,37,42,36,110,43,39,35,21],"product_tag":[],"class_list":{"0":"post-643","1":"product","2":"type-product","3":"status-publish","4":"has-post-thumbnail","6":"product_cat-promo","7":"product_cat-soins-peau-grasse","8":"product_cat-peaux-seches","9":"product_cat-soins-anti-age-et-anti-rides","10":"product_cat-soins-anti-poches-et-cernes","11":"product_cat-soins-anti-rougeurs-et-peau-sensible","12":"product_cat-soins-anti-taches-et-depigmentants","13":"product_cat-soins-hydratants-et-nourrissants","14":"product_cat-visage","16":"entry","17":"has-media","19":"first","20":"instock","21":"sale","22":"taxable","23":"shipping-taxable","24":"purchasable","25":"product-type-simple","26":"has-product-nav","27":"col","28":"span_1_of_3","29":"owp-content-center","30":"owp-thumbs-layout-horizontal","31":"owp-btn-normal","32":"owp-tabs-layout-horizontal"},"_links":{"self":[{"href":"https:\/\/ellypara.com\/index.php\/wp-json\/wp\/v2\/product\/643","targetHints":{"allow":["GET"]}}],"collection":[{"href":"https:\/\/ellypara.com\/index.php\/wp-json\/wp\/v2\/product"}],"about":[{"href":"https:\/\/ellypara.com\/index.php\/wp-json\/wp\/v2\/types\/product"}],"replies":[{"embeddable":true,"href":"https:\/\/ellypara.com\/index.php\/wp-json\/wp\/v2\/comments?post=643"}],"wp:featuredmedia":[{"embeddable":true,"href":"https:\/\/ellypara.com\/index.php\/wp-json\/wp\/v2\/media\/644"}],"wp:attachment":[{"href":"https:\/\/ellypara.com\/index.php\/wp-json\/wp\/v2\/media?parent=643"}],"wp:term":[{"taxonomy":"product_brand","embeddable":true,"href":"https:\/\/ellypara.com\/index.php\/wp-json\/wp\/v2\/product_brand?post=643"},{"taxonomy":"product_cat","embeddable":true,"href":"https:\/\/ellypara.com\/index.php\/wp-json\/wp\/v2\/product_cat?post=643"},{"taxonomy":"product_tag","embeddable":true,"href":"https:\/\/ellypara.com\/index.php\/wp-json\/wp\/v2\/product_tag?post=643"}],"curies":[{"name":"wp","href":"https:\/\/api.w.org\/{rel}","templated":true}]}}