{"id":671,"date":"2025-01-30T23:09:38","date_gmt":"2025-01-30T22:09:38","guid":{"rendered":"https:\/\/ellypara.com\/?post_type=product&#038;p=671"},"modified":"2025-01-30T23:09:38","modified_gmt":"2025-01-30T22:09:38","slug":"listerine-b-bouch-fraicheur-ss-alcool-250ml","status":"publish","type":"product","link":"https:\/\/ellypara.com\/index.php\/produit\/listerine-b-bouch-fraicheur-ss-alcool-250ml\/","title":{"rendered":"LISTERINE B BOUCH FRAICHEUR SS ALCOOL 250ML"},"content":{"rendered":"<p><strong>Listerine Fra\u00eecheur Go\u00fbt Plus L\u00e9ger est une solution pour bain de bouche \u00e0 usage quotidien.<\/strong><\/p>\n<p>Ce bain de bouche pr\u00e9vient et r\u00e9duit la plaque, une cause majeure des probl\u00e8mes de gencives. Il combat les bact\u00e9ries responsables de la mauvaise haleine et rafra\u00eechit durablement l\u2019haleine.<\/p>\n<p><strong>Formul\u00e9 sans alcool.<\/strong><\/p>\n<p>Pr\u00e9sentation propos\u00e9e par votre\u00a0parapharmacie en ligne\u00a0: Listerine Fra\u00eecheur Go\u00fbt Plus L\u00e9ger 500ml.<\/p>\n<p><strong>CONSEIL DU PHARMACIEN SUR LISTERINE FRA\u00ceCHEUR GO\u00dbT PLUS L\u00c9GER<\/strong><\/p>\n<p>\u00c0 utiliser deux fois par jour. Particuli\u00e8rement efficace en utilisation matin et soir apr\u00e8s le brossage. Verser 20 ml (4 cuill\u00e8res \u00e0 caf\u00e9 de 5 ml) dans un verre, \u00e0 utiliser en rin\u00e7age autour des dents et des gencives pendant 30 secondes, puis recracher. Utiliser 10 ml pour les enfants \u00e2g\u00e9s de 6 \u00e0 12 ans.<\/p>\n<p><strong>GUIDES DE LISTERINE FRA\u00ceCHEUR GO\u00dbT PLUS L\u00c9GER :<\/strong><\/p>\n<p>Le bain de bouche Listerine Zero nettoie en profondeur, r\u00e9duit la palque et rafra\u00eechit l\u2019haleine. Sa formule \u00e0 la menthe douce poss\u00e8de un go\u00fbt moins intense et ne contient pas d\u2019alcool. Il combat les bact\u00e9ries responsables de la plaque dentaire et des probl\u00e8mes de gencives.<br \/>\nContient du fluor pour renforcer l\u2019\u00e9mail des dents.<br \/>\nRafra\u00eechit durablement l\u2019haleine.<\/p>\n<p><strong>USAGE<\/strong><\/p>\n<p>A utiliser deux fois par jour. Particuli\u00e8rement efficace en utiliastion matin et soir apr\u00e8s le brossage.<br \/>\nVerser 20ml (4 cuill\u00e8res \u00e0 caf\u00e9 de 5ml) dans un verre, \u00e0 utiliser en rin\u00e7age autour des dents et des gencives pendant 30 secondes, puis recracher.<\/p>\n<p><strong>COMPOSITION<\/strong><\/p>\n<p>Aqua, propylene glycol, sorbitol, poloxamer 407, sodium lauryl sulfate, eulyptol, benzoic acid, sodium benzoate, methyl salicylate, thymol, sodium saccharin, sodium fluoride, menthol, sucralose, aroma. Contient du fluorure de sodium.<\/p>\n<p><strong>PROPRI\u00c9T\u00c9S<\/strong><\/p>\n<p>contient un d\u00e9riv\u00e9 fluor\u00e9.<br \/>\nNe pas avaler. Ne pas laisser \u00e0 la port\u00e9e des enfants.<\/p>\n","protected":false},"excerpt":{"rendered":"<p>Listerine Fra\u00eecheur Go\u00fbt Plus L\u00e9ger est une solution pour bain de bouche \u00e0 usage quotidien.<\/p>\n<p>Ce bain de bouche pr\u00e9vient et r\u00e9duit la plaque, une cause majeure des probl\u00e8mes de gencives. Il combat les bact\u00e9ries responsables de la mauvaise haleine et rafra\u00eechit durablement l\u2019haleine.<\/p>\n<p>Formul\u00e9 sans alcool.<\/p>\n","protected":false},"featured_media":672,"comment_status":"open","ping_status":"closed","template":"","meta":{"ocean_post_layout":"","ocean_both_sidebars_style":"","ocean_both_sidebars_content_width":0,"ocean_both_sidebars_sidebars_width":0,"ocean_sidebar":"0","ocean_second_sidebar":"0","ocean_disable_margins":"enable","ocean_add_body_class":"","ocean_shortcode_before_top_bar":"","ocean_shortcode_after_top_bar":"","ocean_shortcode_before_header":"","ocean_shortcode_after_header":"","ocean_has_shortcode":"","ocean_shortcode_after_title":"","ocean_shortcode_before_footer_widgets":"","ocean_shortcode_after_footer_widgets":"","ocean_shortcode_before_footer_bottom":"","ocean_shortcode_after_footer_bottom":"","ocean_display_top_bar":"default","ocean_display_header":"default","ocean_header_style":"","ocean_center_header_left_menu":"0","ocean_custom_header_template":"0","ocean_custom_logo":0,"ocean_custom_retina_logo":0,"ocean_custom_logo_max_width":0,"ocean_custom_logo_tablet_max_width":0,"ocean_custom_logo_mobile_max_width":0,"ocean_custom_logo_max_height":0,"ocean_custom_logo_tablet_max_height":0,"ocean_custom_logo_mobile_max_height":0,"ocean_header_custom_menu":"0","ocean_menu_typo_font_family":"0","ocean_menu_typo_font_subset":"","ocean_menu_typo_font_size":0,"ocean_menu_typo_font_size_tablet":0,"ocean_menu_typo_font_size_mobile":0,"ocean_menu_typo_font_size_unit":"px","ocean_menu_typo_font_weight":"","ocean_menu_typo_font_weight_tablet":"","ocean_menu_typo_font_weight_mobile":"","ocean_menu_typo_transform":"","ocean_menu_typo_transform_tablet":"","ocean_menu_typo_transform_mobile":"","ocean_menu_typo_line_height":0,"ocean_menu_typo_line_height_tablet":0,"ocean_menu_typo_line_height_mobile":0,"ocean_menu_typo_line_height_unit":"","ocean_menu_typo_spacing":0,"ocean_menu_typo_spacing_tablet":0,"ocean_menu_typo_spacing_mobile":0,"ocean_menu_typo_spacing_unit":"","ocean_menu_link_color":"","ocean_menu_link_color_hover":"","ocean_menu_link_color_active":"","ocean_menu_link_background":"","ocean_menu_link_hover_background":"","ocean_menu_link_active_background":"","ocean_menu_social_links_bg":"","ocean_menu_social_hover_links_bg":"","ocean_menu_social_links_color":"","ocean_menu_social_hover_links_color":"","ocean_disable_title":"default","ocean_disable_heading":"default","ocean_post_title":"","ocean_post_subheading":"","ocean_post_title_style":"","ocean_post_title_background_color":"","ocean_post_title_background":0,"ocean_post_title_bg_image_position":"","ocean_post_title_bg_image_attachment":"","ocean_post_title_bg_image_repeat":"","ocean_post_title_bg_image_size":"","ocean_post_title_height":0,"ocean_post_title_bg_overlay":0.5,"ocean_post_title_bg_overlay_color":"","ocean_disable_breadcrumbs":"default","ocean_breadcrumbs_color":"","ocean_breadcrumbs_separator_color":"","ocean_breadcrumbs_links_color":"","ocean_breadcrumbs_links_hover_color":"","ocean_display_footer_widgets":"default","ocean_display_footer_bottom":"default","ocean_custom_footer_template":"0"},"product_brand":[],"product_cat":[94,44,88],"product_tag":[],"class_list":{"0":"post-671","1":"product","2":"type-product","3":"status-publish","4":"has-post-thumbnail","6":"product_cat-bain-de-bouche-et-solution-gingivale","7":"product_cat-hygiene","8":"product_cat-soins-buccodentaires","10":"entry","11":"has-media","13":"first","14":"instock","15":"taxable","16":"shipping-taxable","17":"purchasable","18":"product-type-simple","19":"has-product-nav","20":"col","21":"span_1_of_3","22":"owp-content-center","23":"owp-thumbs-layout-horizontal","24":"owp-btn-normal","25":"owp-tabs-layout-horizontal","26":"has-no-thumbnails"},"_links":{"self":[{"href":"https:\/\/ellypara.com\/index.php\/wp-json\/wp\/v2\/product\/671","targetHints":{"allow":["GET"]}}],"collection":[{"href":"https:\/\/ellypara.com\/index.php\/wp-json\/wp\/v2\/product"}],"about":[{"href":"https:\/\/ellypara.com\/index.php\/wp-json\/wp\/v2\/types\/product"}],"replies":[{"embeddable":true,"href":"https:\/\/ellypara.com\/index.php\/wp-json\/wp\/v2\/comments?post=671"}],"wp:featuredmedia":[{"embeddable":true,"href":"https:\/\/ellypara.com\/index.php\/wp-json\/wp\/v2\/media\/672"}],"wp:attachment":[{"href":"https:\/\/ellypara.com\/index.php\/wp-json\/wp\/v2\/media?parent=671"}],"wp:term":[{"taxonomy":"product_brand","embeddable":true,"href":"https:\/\/ellypara.com\/index.php\/wp-json\/wp\/v2\/product_brand?post=671"},{"taxonomy":"product_cat","embeddable":true,"href":"https:\/\/ellypara.com\/index.php\/wp-json\/wp\/v2\/product_cat?post=671"},{"taxonomy":"product_tag","embeddable":true,"href":"https:\/\/ellypara.com\/index.php\/wp-json\/wp\/v2\/product_tag?post=671"}],"curies":[{"name":"wp","href":"https:\/\/api.w.org\/{rel}","templated":true}]}}