{"id":731,"date":"2025-01-31T12:00:29","date_gmt":"2025-01-31T11:00:29","guid":{"rendered":"https:\/\/ellypara.com\/?post_type=product&#038;p=731"},"modified":"2025-01-31T12:00:29","modified_gmt":"2025-01-31T11:00:29","slug":"gum-dentifrice-activital-gencives-saines-75ml","status":"publish","type":"product","link":"https:\/\/ellypara.com\/index.php\/produit\/gum-dentifrice-activital-gencives-saines-75ml\/","title":{"rendered":"Gum Dentifrice ActiVital Gencives Saines 75ml"},"content":{"rendered":"<p>Sp\u00e9cifiquement con\u00e7u pour pr\u00e9server la sant\u00e9 de vos dents,\u00a0<strong>Gum Dentifrice ActiVital Gencives Saines 75ml<\/strong>\u00a0renforce vos gencives, capte les bact\u00e9ries nocives et prot\u00e8ge vos dents contre les caries et la formation de la plaque.<\/p>\n<p>Sans ingr\u00e9dients agressifs, sa formule ne compromet pas l\u2019\u00e9quilibre de la flore buccale.<\/p>\n<p>Il est formul\u00e9 avec du Coenzyme Q10, caract\u00e9ris\u00e9 par ses propri\u00e9t\u00e9s antioxydantes qui prot\u00e8gent les cellules des radicaux libres.<\/p>\n<p>Il contient \u00e9galement de la grenade (riche en potassium, phosphore, magn\u00e9sium, calcium et en vitamines A, B, C et E), du gingembre et du bisabolol (reconnu pour \u00eatre apaisant, r\u00e9g\u00e9n\u00e9rant et purifiant).<\/p>\n<p>L\u2019isomalt et la forte teneur en fluor (1 450 ppm d\u2019ions fluor) favorisent quant \u00e0 eux la remin\u00e9ralisation de l\u2019\u00e9mail et pr\u00e9viennent les caries.<\/p>\n<p><strong>Indications :<\/strong><\/p>\n<p>Soin dentaire pour enfants et adultes de 7 ans et plus.<\/p>\n<p><strong>Conseils d\u2019utilisation :<\/strong><\/p>\n<p>Appliquer avec une brosse \u00e0 dents souple ou medium et se brosser les dents apr\u00e8s chaque repas, ou au moins deux fois par jour pendant au moins 2 minutes.<\/p>\n<p>Pour adultes et enfants \u00e0 partir de 7 ans. Ne pas utiliser en cas d\u2019hypersensibilit\u00e9 \u00e0 l\u2019un des constituants de la solution.<br \/>\nGarder hors de port\u00e9e des enfants. En usage externe. Ne pas avaler.<\/p>\n<p><strong>Composition :<\/strong><\/p>\n<p>Glycerin, aqua, isomalt, hydrated silica, silica (and) propyl steardimonium chloride, hydroxyethylcellulose, aroma, lauryl glucoside, cocamidopropyl betaine, peg-40 hydrogenated castor oil, sodium saccharin, sodium fluoride, sodium chloride, sodium benzoate, bisabolol, punica granatum fruit extract, ubiquinone, zingiber officinale root extract, potassium sorbate, ci 77492, ci 42053.<\/p>\n","protected":false},"excerpt":{"rendered":"<div class=\"product-short-description\">\n<p>Le gel dentifrice Activital Gum prot\u00e8ge vos dents et vos gencives au quotidien. Il aide \u00e0 pr\u00e9venir l\u2019apparition des probl\u00e8mes de gencives et vous garantit des dents et des gencives saines.<\/p>\n<\/div>\n<form class=\"cart\" action=\"https:\/\/www.maparatunisie.tn\/produit\/gum-dentifrice-activital-gencives-saines-75ml\/\" enctype=\"multipart\/form-data\" method=\"post\">\n<div class=\"ux-quantity quantity buttons_added\"><\/div>\n<\/form>\n","protected":false},"featured_media":732,"comment_status":"open","ping_status":"closed","template":"","meta":{"ocean_post_layout":"","ocean_both_sidebars_style":"","ocean_both_sidebars_content_width":0,"ocean_both_sidebars_sidebars_width":0,"ocean_sidebar":"0","ocean_second_sidebar":"0","ocean_disable_margins":"enable","ocean_add_body_class":"","ocean_shortcode_before_top_bar":"","ocean_shortcode_after_top_bar":"","ocean_shortcode_before_header":"","ocean_shortcode_after_header":"","ocean_has_shortcode":"","ocean_shortcode_after_title":"","ocean_shortcode_before_footer_widgets":"","ocean_shortcode_after_footer_widgets":"","ocean_shortcode_before_footer_bottom":"","ocean_shortcode_after_footer_bottom":"","ocean_display_top_bar":"default","ocean_display_header":"default","ocean_header_style":"","ocean_center_header_left_menu":"0","ocean_custom_header_template":"0","ocean_custom_logo":0,"ocean_custom_retina_logo":0,"ocean_custom_logo_max_width":0,"ocean_custom_logo_tablet_max_width":0,"ocean_custom_logo_mobile_max_width":0,"ocean_custom_logo_max_height":0,"ocean_custom_logo_tablet_max_height":0,"ocean_custom_logo_mobile_max_height":0,"ocean_header_custom_menu":"0","ocean_menu_typo_font_family":"0","ocean_menu_typo_font_subset":"","ocean_menu_typo_font_size":0,"ocean_menu_typo_font_size_tablet":0,"ocean_menu_typo_font_size_mobile":0,"ocean_menu_typo_font_size_unit":"px","ocean_menu_typo_font_weight":"","ocean_menu_typo_font_weight_tablet":"","ocean_menu_typo_font_weight_mobile":"","ocean_menu_typo_transform":"","ocean_menu_typo_transform_tablet":"","ocean_menu_typo_transform_mobile":"","ocean_menu_typo_line_height":0,"ocean_menu_typo_line_height_tablet":0,"ocean_menu_typo_line_height_mobile":0,"ocean_menu_typo_line_height_unit":"","ocean_menu_typo_spacing":0,"ocean_menu_typo_spacing_tablet":0,"ocean_menu_typo_spacing_mobile":0,"ocean_menu_typo_spacing_unit":"","ocean_menu_link_color":"","ocean_menu_link_color_hover":"","ocean_menu_link_color_active":"","ocean_menu_link_background":"","ocean_menu_link_hover_background":"","ocean_menu_link_active_background":"","ocean_menu_social_links_bg":"","ocean_menu_social_hover_links_bg":"","ocean_menu_social_links_color":"","ocean_menu_social_hover_links_color":"","ocean_disable_title":"default","ocean_disable_heading":"default","ocean_post_title":"","ocean_post_subheading":"","ocean_post_title_style":"","ocean_post_title_background_color":"","ocean_post_title_background":0,"ocean_post_title_bg_image_position":"","ocean_post_title_bg_image_attachment":"","ocean_post_title_bg_image_repeat":"","ocean_post_title_bg_image_size":"","ocean_post_title_height":0,"ocean_post_title_bg_overlay":0.5,"ocean_post_title_bg_overlay_color":"","ocean_disable_breadcrumbs":"default","ocean_breadcrumbs_color":"","ocean_breadcrumbs_separator_color":"","ocean_breadcrumbs_links_color":"","ocean_breadcrumbs_links_hover_color":"","ocean_display_footer_widgets":"default","ocean_display_footer_bottom":"default","ocean_custom_footer_template":"0"},"product_brand":[],"product_cat":[93,44,88],"product_tag":[],"class_list":{"0":"post-731","1":"product","2":"type-product","3":"status-publish","4":"has-post-thumbnail","6":"product_cat-dentifrices","7":"product_cat-hygiene","8":"product_cat-soins-buccodentaires","10":"entry","11":"has-media","13":"first","14":"instock","15":"sale","16":"taxable","17":"shipping-taxable","18":"purchasable","19":"product-type-simple","20":"has-product-nav","21":"col","22":"span_1_of_3","23":"owp-content-center","24":"owp-thumbs-layout-horizontal","25":"owp-btn-normal","26":"owp-tabs-layout-horizontal","27":"has-no-thumbnails"},"_links":{"self":[{"href":"https:\/\/ellypara.com\/index.php\/wp-json\/wp\/v2\/product\/731","targetHints":{"allow":["GET"]}}],"collection":[{"href":"https:\/\/ellypara.com\/index.php\/wp-json\/wp\/v2\/product"}],"about":[{"href":"https:\/\/ellypara.com\/index.php\/wp-json\/wp\/v2\/types\/product"}],"replies":[{"embeddable":true,"href":"https:\/\/ellypara.com\/index.php\/wp-json\/wp\/v2\/comments?post=731"}],"wp:featuredmedia":[{"embeddable":true,"href":"https:\/\/ellypara.com\/index.php\/wp-json\/wp\/v2\/media\/732"}],"wp:attachment":[{"href":"https:\/\/ellypara.com\/index.php\/wp-json\/wp\/v2\/media?parent=731"}],"wp:term":[{"taxonomy":"product_brand","embeddable":true,"href":"https:\/\/ellypara.com\/index.php\/wp-json\/wp\/v2\/product_brand?post=731"},{"taxonomy":"product_cat","embeddable":true,"href":"https:\/\/ellypara.com\/index.php\/wp-json\/wp\/v2\/product_cat?post=731"},{"taxonomy":"product_tag","embeddable":true,"href":"https:\/\/ellypara.com\/index.php\/wp-json\/wp\/v2\/product_tag?post=731"}],"curies":[{"name":"wp","href":"https:\/\/api.w.org\/{rel}","templated":true}]}}