{"id":839,"date":"2025-02-06T21:18:48","date_gmt":"2025-02-06T20:18:48","guid":{"rendered":"https:\/\/ellypara.com\/?post_type=product&#038;p=839"},"modified":"2025-08-14T14:26:33","modified_gmt":"2025-08-14T12:26:33","slug":"mustela-liniment-dermo-protecteur-400ml","status":"publish","type":"product","link":"https:\/\/ellypara.com\/index.php\/produit\/mustela-liniment-dermo-protecteur-400ml\/","title":{"rendered":"MUSTELA Liniment Dermo Protecteur 400ml"},"content":{"rendered":"<p>Le<strong>\u00a0liniment Mustela<\/strong>\u00a0est un soin qui s\u2019applique directement sur la peau de b\u00e9b\u00e9 d\u00e8s sa naissance,\u00a0<strong>afin de la nettoyer et de la prot\u00e9ger<\/strong>, mais peut aussi servir lorsque la peau pr\u00e9sente un \u00e9ryth\u00e8me fessier.<br \/>\nLe liniment Mustela respecte la recette traditionnelle du liniment, r\u00e9alis\u00e9e \u00e0 partir d\u2019huile d\u2019olive extra vierge et d\u2019hydroxyde de calcium. Ce soin l\u00e9gendaire nettoie efficacement les fesses de votre b\u00e9b\u00e9 tout en\u00a0<strong>respectant leur \u00e9piderme tr\u00e8s d\u00e9licat<\/strong>. Sa formule, enrichie en\u00a0<strong>huile d\u2019olive extra vierge<\/strong>, est excellente pour hydrater la peau fine et sensible de votre enfant. Elle permet \u00e9galement de la prot\u00e9ger des agressions ext\u00e9rieures et ainsi \u00e9viter l\u2019apparition de rougeurs et autres petites irritations dues \u00e0 la mac\u00e9ration de la couche sur la peau de b\u00e9b\u00e9.<\/p>\n<p>Le liniment Mustela poss\u00e8de une texture \u00e9paisse et\u00a0<strong>extr\u00eamement onctueuse<\/strong>\u00a0qui procurera \u00e0 votre enfant une agr\u00e9able sensation de fraicheur lors de l\u2019application, v\u00e9ritable atout pour apaiser b\u00e9b\u00e9 lorsque celui ci pr\u00e9sente des petites irritations.<br \/>\nCompos\u00e9 \u00e0 partir de<strong>\u00a099% d\u2019ingr\u00e9dients d\u2019origine naturelle<\/strong>, le liniment Mustela poss\u00e8de une formule qui minimise le risque de r\u00e9action allergique gr\u00e2ce \u00e0 sa haute tol\u00e9rance qui prend soin des peaux les plus sensibles.<\/p>\n<p><em><strong>Sans parfum \u2013 Sans paraben \u2013 Sans phtalate \u2013 Sans ph\u00e9noxy\u00e9thanol<\/strong><\/em><\/p>\n<p>Et pour la toilette de b\u00e9b\u00e9, pensez au\u00a0Gel lavant b\u00e9b\u00e9 2-en-1 \u00e0 l\u2019huile d\u2019olive bio.<\/p>\n<p><strong>Conditionnement :\u00a0<\/strong>400 ml<\/p>\n<p><strong>CONSEILS D\u2019UTILISATION<\/strong><\/p>\n<p>Appliquez ce liniment \u00e0 chaque change, \u00e0 l\u2019aide d\u2019un coton.<br \/>\nIl est inutile de rincer.<br \/>\nAgiter avant emploi.<\/p>\n<p><strong>COMPOSITION<\/strong><\/p>\n<p>Ingr\u00e9dients : Aqua, Olea europaea fruit oil, Calcium hydroxide, Caprylyl glycol, acrylate \/ C10-30 alkyl acrylate crosspolymer, Sodium hydroxide, Sorbitan oleate, Daucus carota sativa root extract, Zea mays oil, Tocopherol.<\/p>\n<p>&nbsp;<\/p>\n","protected":false},"excerpt":{"rendered":"<div class=\"product-short-description\">\n<p>Le<strong>\u00a0liniment Mustela<\/strong>\u00a0est un soin qui s\u2019applique directement sur la peau de b\u00e9b\u00e9 d\u00e8s sa naissance,\u00a0<strong>afin de la nettoyer et de la prot\u00e9ger<\/strong>, mais peut aussi servir lorsque la peau pr\u00e9sente un \u00e9ryth\u00e8me fessier.<\/p>\n<\/div>\n<form class=\"cart\" action=\"https:\/\/www.maparatunisie.tn\/produit\/mustela-liniment-dermo-protecteur-400-ml\/\" enctype=\"multipart\/form-data\" method=\"post\">\n<div class=\"ux-quantity quantity buttons_added\"><\/div>\n<\/form>\n","protected":false},"featured_media":2289,"comment_status":"open","ping_status":"closed","template":"","meta":{"ocean_post_layout":"","ocean_both_sidebars_style":"","ocean_both_sidebars_content_width":0,"ocean_both_sidebars_sidebars_width":0,"ocean_sidebar":"0","ocean_second_sidebar":"0","ocean_disable_margins":"enable","ocean_add_body_class":"","ocean_shortcode_before_top_bar":"","ocean_shortcode_after_top_bar":"","ocean_shortcode_before_header":"","ocean_shortcode_after_header":"","ocean_has_shortcode":"","ocean_shortcode_after_title":"","ocean_shortcode_before_footer_widgets":"","ocean_shortcode_after_footer_widgets":"","ocean_shortcode_before_footer_bottom":"","ocean_shortcode_after_footer_bottom":"","ocean_display_top_bar":"default","ocean_display_header":"default","ocean_header_style":"","ocean_center_header_left_menu":"0","ocean_custom_header_template":"0","ocean_custom_logo":0,"ocean_custom_retina_logo":0,"ocean_custom_logo_max_width":0,"ocean_custom_logo_tablet_max_width":0,"ocean_custom_logo_mobile_max_width":0,"ocean_custom_logo_max_height":0,"ocean_custom_logo_tablet_max_height":0,"ocean_custom_logo_mobile_max_height":0,"ocean_header_custom_menu":"0","ocean_menu_typo_font_family":"0","ocean_menu_typo_font_subset":"","ocean_menu_typo_font_size":0,"ocean_menu_typo_font_size_tablet":0,"ocean_menu_typo_font_size_mobile":0,"ocean_menu_typo_font_size_unit":"px","ocean_menu_typo_font_weight":"","ocean_menu_typo_font_weight_tablet":"","ocean_menu_typo_font_weight_mobile":"","ocean_menu_typo_transform":"","ocean_menu_typo_transform_tablet":"","ocean_menu_typo_transform_mobile":"","ocean_menu_typo_line_height":0,"ocean_menu_typo_line_height_tablet":0,"ocean_menu_typo_line_height_mobile":0,"ocean_menu_typo_line_height_unit":"","ocean_menu_typo_spacing":0,"ocean_menu_typo_spacing_tablet":0,"ocean_menu_typo_spacing_mobile":0,"ocean_menu_typo_spacing_unit":"","ocean_menu_link_color":"","ocean_menu_link_color_hover":"","ocean_menu_link_color_active":"","ocean_menu_link_background":"","ocean_menu_link_hover_background":"","ocean_menu_link_active_background":"","ocean_menu_social_links_bg":"","ocean_menu_social_hover_links_bg":"","ocean_menu_social_links_color":"","ocean_menu_social_hover_links_color":"","ocean_disable_title":"default","ocean_disable_heading":"default","ocean_post_title":"","ocean_post_subheading":"","ocean_post_title_style":"","ocean_post_title_background_color":"","ocean_post_title_background":0,"ocean_post_title_bg_image_position":"","ocean_post_title_bg_image_attachment":"","ocean_post_title_bg_image_repeat":"","ocean_post_title_bg_image_size":"","ocean_post_title_height":0,"ocean_post_title_bg_overlay":0.5,"ocean_post_title_bg_overlay_color":"","ocean_disable_breadcrumbs":"default","ocean_breadcrumbs_color":"","ocean_breadcrumbs_separator_color":"","ocean_breadcrumbs_links_color":"","ocean_breadcrumbs_links_hover_color":"","ocean_display_footer_widgets":"default","ocean_display_footer_bottom":"default","ocean_custom_footer_template":"0"},"product_brand":[],"product_cat":[26,24,58],"product_tag":[],"class_list":{"0":"post-839","1":"product","2":"type-product","3":"status-publish","4":"has-post-thumbnail","6":"product_cat-promo","7":"product_cat-bebe-et-maman","8":"product_cat-change-de-bebe","10":"entry","11":"has-media","13":"first","14":"instock","15":"sale","16":"taxable","17":"shipping-taxable","18":"purchasable","19":"product-type-simple","20":"has-product-nav","21":"col","22":"span_1_of_3","23":"owp-content-center","24":"owp-thumbs-layout-horizontal","25":"owp-btn-normal","26":"owp-tabs-layout-horizontal","27":"has-no-thumbnails"},"_links":{"self":[{"href":"https:\/\/ellypara.com\/index.php\/wp-json\/wp\/v2\/product\/839","targetHints":{"allow":["GET"]}}],"collection":[{"href":"https:\/\/ellypara.com\/index.php\/wp-json\/wp\/v2\/product"}],"about":[{"href":"https:\/\/ellypara.com\/index.php\/wp-json\/wp\/v2\/types\/product"}],"replies":[{"embeddable":true,"href":"https:\/\/ellypara.com\/index.php\/wp-json\/wp\/v2\/comments?post=839"}],"wp:featuredmedia":[{"embeddable":true,"href":"https:\/\/ellypara.com\/index.php\/wp-json\/wp\/v2\/media\/2289"}],"wp:attachment":[{"href":"https:\/\/ellypara.com\/index.php\/wp-json\/wp\/v2\/media?parent=839"}],"wp:term":[{"taxonomy":"product_brand","embeddable":true,"href":"https:\/\/ellypara.com\/index.php\/wp-json\/wp\/v2\/product_brand?post=839"},{"taxonomy":"product_cat","embeddable":true,"href":"https:\/\/ellypara.com\/index.php\/wp-json\/wp\/v2\/product_cat?post=839"},{"taxonomy":"product_tag","embeddable":true,"href":"https:\/\/ellypara.com\/index.php\/wp-json\/wp\/v2\/product_tag?post=839"}],"curies":[{"name":"wp","href":"https:\/\/api.w.org\/{rel}","templated":true}]}}