{"id":873,"date":"2025-03-18T22:53:17","date_gmt":"2025-03-18T21:53:17","guid":{"rendered":"https:\/\/ellypara.com\/?post_type=product&#038;p=873"},"modified":"2025-03-18T22:53:17","modified_gmt":"2025-03-18T21:53:17","slug":"svr-c-masque-anti-ox-mousse-micro-peeling-p-fatiguees-50ml","status":"publish","type":"product","link":"https:\/\/ellypara.com\/index.php\/produit\/svr-c-masque-anti-ox-mousse-micro-peeling-p-fatiguees-50ml\/","title":{"rendered":"SVR C MASQUE ANTI-OX MOUSSE MICRO-PEELING P\/FATIGUEES 50ML"},"content":{"rendered":"<p><strong>Masque Eclat C<\/strong>: un soin innovant sous forme d\u2019a\u00e9rosol pour pr\u00e9server l\u2019efficacit\u00e9 de ses actifs et exercer une action micro-peeling. Ce soin aide \u00e0 lutter contre les effets du vieillissement : perte de tonicit\u00e9 de la peau, rel\u00e2chement cutan\u00e9, rides et teint terne. Tr\u00e8s concentr\u00e9 en vitamine C (50%) optimis\u00e9e et stabilis\u00e9, il stimule la synth\u00e8se de nouvelles fibres de collag\u00e8ne et d\u2019\u00e9lastine et renforce le soutien cutan\u00e9. Ce masque \u00e0 l\u2019effet micro-peeling superficiel a \u00e9galement une action hautement hydratante et repulpante gr\u00e2ce \u00e0 l\u2019acide hyaluronique de haut poids mol\u00e9culaire et \u00e0 l\u2019extrait d\u2019algues rouge qui forment un maillage mol\u00e9culaire afin de limiter la perte en eau et le dess\u00e8chement de la peau, et diminuer l\u2019apparence des rides. L\u2019Evodia (plante chinoise) associ\u00e9 au gluconolactone, va lisser la peau pour la retexturiser, affiner le grain de peau et redonner au teint fra\u00eecheur et \u00e9clat. La peau r\u00e9g\u00e9n\u00e9r\u00e9e par le niacinamide sera apais\u00e9e de toutes irritations et inconforts Instantan\u00e9ment, la peau est lisse, les rides s\u2019estompent, et le teint devient plus \u00e9clatant.<\/p>\n<p><strong>Conseils d&#8217;utilisation :<\/strong><\/p>\n<p>Masque Eclat C: Bien agiter le flacon avant emploi. Placer une noisette de mousse dans la paume de la main. R\u00e9partir sur le visage en \u00e9vitant le contour des yeux. Masser jusqu&#8217;\u00e0 disparition de la mousse. Laisser poser 15 minutes et rincer \u00e0 l&#8217;eau.<\/p>\n<p><strong>Composition :<\/strong><\/p>\n<p>Aqua (Water), Sodium Ascorbyl Phosphate, Butane, Gluconolactone, Propane, Squalane, Cetearyl Alcohol, Propanediol, Glycerin, Niacinamide, Methylpropanediol, Decyl Glucoside, Evodia Fruit Extract, Ascorbyl Methylsilanol Pectinate ,Sodium Hyaluronate, Chondrus Crispus (Carraghenan) Acacia Senegal Gum, Glucose, Tocopherol, 1-2 Hexanediol, Isobutane, Ceteareth-33, Parfum, Disodium Cocoyl Glutamate, Xanthan Gum, Sodium Hydroxide, Sodium Gluconate, Hexamidine, Diisethionate, Sodium Cocoyl Glutamate, Hexamidine, Diisethionate, Sodium Cocoyl Glutamate, Caprylyl Glycol, Ethylhexylglycerin, Disodium Edta.<\/p>\n","protected":false},"excerpt":{"rendered":"<p><strong>Masque Eclat C :<\/strong> un soin innovant sous forme d\u2019a\u00e9rosol pour pr\u00e9server l\u2019efficacit\u00e9 de ses actifs et exercer une action micro-peeling.<\/p>\n","protected":false},"featured_media":874,"comment_status":"open","ping_status":"closed","template":"","meta":{"ocean_post_layout":"","ocean_both_sidebars_style":"","ocean_both_sidebars_content_width":0,"ocean_both_sidebars_sidebars_width":0,"ocean_sidebar":"0","ocean_second_sidebar":"0","ocean_disable_margins":"enable","ocean_add_body_class":"","ocean_shortcode_before_top_bar":"","ocean_shortcode_after_top_bar":"","ocean_shortcode_before_header":"","ocean_shortcode_after_header":"","ocean_has_shortcode":"","ocean_shortcode_after_title":"","ocean_shortcode_before_footer_widgets":"","ocean_shortcode_after_footer_widgets":"","ocean_shortcode_before_footer_bottom":"","ocean_shortcode_after_footer_bottom":"","ocean_display_top_bar":"default","ocean_display_header":"default","ocean_header_style":"","ocean_center_header_left_menu":"0","ocean_custom_header_template":"0","ocean_custom_logo":0,"ocean_custom_retina_logo":0,"ocean_custom_logo_max_width":0,"ocean_custom_logo_tablet_max_width":0,"ocean_custom_logo_mobile_max_width":0,"ocean_custom_logo_max_height":0,"ocean_custom_logo_tablet_max_height":0,"ocean_custom_logo_mobile_max_height":0,"ocean_header_custom_menu":"0","ocean_menu_typo_font_family":"0","ocean_menu_typo_font_subset":"","ocean_menu_typo_font_size":0,"ocean_menu_typo_font_size_tablet":0,"ocean_menu_typo_font_size_mobile":0,"ocean_menu_typo_font_size_unit":"px","ocean_menu_typo_font_weight":"","ocean_menu_typo_font_weight_tablet":"","ocean_menu_typo_font_weight_mobile":"","ocean_menu_typo_transform":"","ocean_menu_typo_transform_tablet":"","ocean_menu_typo_transform_mobile":"","ocean_menu_typo_line_height":0,"ocean_menu_typo_line_height_tablet":0,"ocean_menu_typo_line_height_mobile":0,"ocean_menu_typo_line_height_unit":"","ocean_menu_typo_spacing":0,"ocean_menu_typo_spacing_tablet":0,"ocean_menu_typo_spacing_mobile":0,"ocean_menu_typo_spacing_unit":"","ocean_menu_link_color":"","ocean_menu_link_color_hover":"","ocean_menu_link_color_active":"","ocean_menu_link_background":"","ocean_menu_link_hover_background":"","ocean_menu_link_active_background":"","ocean_menu_social_links_bg":"","ocean_menu_social_hover_links_bg":"","ocean_menu_social_links_color":"","ocean_menu_social_hover_links_color":"","ocean_disable_title":"default","ocean_disable_heading":"default","ocean_post_title":"","ocean_post_subheading":"","ocean_post_title_style":"","ocean_post_title_background_color":"","ocean_post_title_background":0,"ocean_post_title_bg_image_position":"","ocean_post_title_bg_image_attachment":"","ocean_post_title_bg_image_repeat":"","ocean_post_title_bg_image_size":"","ocean_post_title_height":0,"ocean_post_title_bg_overlay":0.5,"ocean_post_title_bg_overlay_color":"","ocean_disable_breadcrumbs":"default","ocean_breadcrumbs_color":"","ocean_breadcrumbs_separator_color":"","ocean_breadcrumbs_links_color":"","ocean_breadcrumbs_links_hover_color":"","ocean_display_footer_widgets":"default","ocean_display_footer_bottom":"default","ocean_custom_footer_template":"0"},"product_brand":[],"product_cat":[36,35,21],"product_tag":[],"class_list":{"0":"post-873","1":"product","2":"type-product","3":"status-publish","4":"has-post-thumbnail","6":"product_cat-soins-anti-age-et-anti-rides","7":"product_cat-soins-hydratants-et-nourrissants","8":"product_cat-visage","10":"entry","11":"has-media","13":"first","14":"outofstock","15":"taxable","16":"shipping-taxable","17":"purchasable","18":"product-type-simple","19":"has-product-nav","20":"col","21":"span_1_of_3","22":"owp-content-center","23":"owp-thumbs-layout-horizontal","24":"owp-btn-normal","25":"owp-tabs-layout-horizontal","26":"has-no-thumbnails"},"_links":{"self":[{"href":"https:\/\/ellypara.com\/index.php\/wp-json\/wp\/v2\/product\/873","targetHints":{"allow":["GET"]}}],"collection":[{"href":"https:\/\/ellypara.com\/index.php\/wp-json\/wp\/v2\/product"}],"about":[{"href":"https:\/\/ellypara.com\/index.php\/wp-json\/wp\/v2\/types\/product"}],"replies":[{"embeddable":true,"href":"https:\/\/ellypara.com\/index.php\/wp-json\/wp\/v2\/comments?post=873"}],"wp:featuredmedia":[{"embeddable":true,"href":"https:\/\/ellypara.com\/index.php\/wp-json\/wp\/v2\/media\/874"}],"wp:attachment":[{"href":"https:\/\/ellypara.com\/index.php\/wp-json\/wp\/v2\/media?parent=873"}],"wp:term":[{"taxonomy":"product_brand","embeddable":true,"href":"https:\/\/ellypara.com\/index.php\/wp-json\/wp\/v2\/product_brand?post=873"},{"taxonomy":"product_cat","embeddable":true,"href":"https:\/\/ellypara.com\/index.php\/wp-json\/wp\/v2\/product_cat?post=873"},{"taxonomy":"product_tag","embeddable":true,"href":"https:\/\/ellypara.com\/index.php\/wp-json\/wp\/v2\/product_tag?post=873"}],"curies":[{"name":"wp","href":"https:\/\/api.w.org\/{rel}","templated":true}]}}