{"id":881,"date":"2025-03-19T12:19:52","date_gmt":"2025-03-19T11:19:52","guid":{"rendered":"https:\/\/ellypara.com\/?post_type=product&#038;p=881"},"modified":"2025-03-19T12:19:52","modified_gmt":"2025-03-19T11:19:52","slug":"svr-cicavit-sos-grattage-spray-40ml","status":"publish","type":"product","link":"https:\/\/ellypara.com\/index.php\/produit\/svr-cicavit-sos-grattage-spray-40ml\/","title":{"rendered":"SVR CICAVIT + SOS GRATTAGE SPRAY 40ML"},"content":{"rendered":"<p><strong>SVR Cicavit+ SOS Grattage 40ml<\/strong>\u00a0est un spray 2 en 1 con\u00e7u pour calmer les d\u00e9mangeaisons et r\u00e9duire les marques d\u2019une part et d\u2019une autre part apaiser et hydrater a peau.<\/p>\n<p>L\u2019actif sucre probiotique restaure l\u2019\u00e9quilibre de la flore cutan\u00e9e, l\u2019actif antibact\u00e9rien emp\u00eache l\u2019adh\u00e9sion des bact\u00e9ries pathog\u00e8nes \u00e0 la surface de la peau et le Centella Asiatica1 et la Provitamine B5 apaisent les sensations d\u2019inconfort.<\/p>\n<p>D\u00e8s l\u2019application, la sensation de d\u00e9mangeaison est diminu\u00e9e et la peau est apais\u00e9e. Id\u00e9al pour les peaux sensibles, irrit\u00e9es, s\u00e8ches \u00e0 tr\u00e8s s\u00e8ches ou \u00e0 tendance atopique et pour les peaux sujettes aux d\u00e9mangeaisons.<\/p>\n<p><strong>Indications :<\/strong><\/p>\n<p>Spray anti-grattage pour le corps et le visage. Pour les enfants d\u00e8s 3 ans et les adultes.<\/p>\n<p><strong>Conseils d\u2019utilisation :<\/strong><\/p>\n<p>Vaporiser sur la peau \u00e0 une distance minimale de 15 cm. Laisser p\u00e9n\u00e9trer le produit sans \u00e9taler. Pour une application sur le visage, appliquer auparavant dans le creux de la main.<\/p>\n<p><strong>Composition :<\/strong><\/p>\n<p>Aqua (purified water), dimethyl ether, niacinamide, centella asiatica extract, chondrus crispus (carrageenan) extract, levulinic acid, oleyl alcohol, panthenol, pantolactone, pueraria lobata root extract, zanthoxylum bungeanum fruit extract, alpha-glucan oligosaccharide, glucose, glycerin, rhamnose, tocopherol, butylene glycol, caprylyl glycol, cocos nucifera (coconut) oil, disodium edta, ethylhexylglycerin, glucuronic acid, gossypium herbaceum (cotton) seed oil, hydrogenated palm glycerides citrate, hydroxyethyl acrylate\/sodium acryloyldimethyl taurate copolymer, isohexadecane, pentylene glycol, polysorbate 60, propanediol, sodium hydroxide, sodium levulinate, sorbitan isostearate, xanthan gum, sodium benzoate.<\/p>\n<p><strong>Conditionnement :<\/strong><\/p>\n<p>1 flacon spray de 40ml.<\/p>\n","protected":false},"excerpt":{"rendered":"<p><strong>SVR Cicavit+ SOS Grattage 40 ml<\/strong> est un spray \u00e0 la texture protectrice \u00e0 effet froid, pour une efficacit\u00e9 anti-grattage, d\u00e8s application. Il convient \u00e0 tous les types de peaux, y compris sensibles.<\/p>\n","protected":false},"featured_media":882,"comment_status":"open","ping_status":"closed","template":"","meta":{"ocean_post_layout":"","ocean_both_sidebars_style":"","ocean_both_sidebars_content_width":0,"ocean_both_sidebars_sidebars_width":0,"ocean_sidebar":"0","ocean_second_sidebar":"0","ocean_disable_margins":"enable","ocean_add_body_class":"","ocean_shortcode_before_top_bar":"","ocean_shortcode_after_top_bar":"","ocean_shortcode_before_header":"","ocean_shortcode_after_header":"","ocean_has_shortcode":"","ocean_shortcode_after_title":"","ocean_shortcode_before_footer_widgets":"","ocean_shortcode_after_footer_widgets":"","ocean_shortcode_before_footer_bottom":"","ocean_shortcode_after_footer_bottom":"","ocean_display_top_bar":"default","ocean_display_header":"default","ocean_header_style":"","ocean_center_header_left_menu":"0","ocean_custom_header_template":"0","ocean_custom_logo":0,"ocean_custom_retina_logo":0,"ocean_custom_logo_max_width":0,"ocean_custom_logo_tablet_max_width":0,"ocean_custom_logo_mobile_max_width":0,"ocean_custom_logo_max_height":0,"ocean_custom_logo_tablet_max_height":0,"ocean_custom_logo_mobile_max_height":0,"ocean_header_custom_menu":"0","ocean_menu_typo_font_family":"0","ocean_menu_typo_font_subset":"","ocean_menu_typo_font_size":0,"ocean_menu_typo_font_size_tablet":0,"ocean_menu_typo_font_size_mobile":0,"ocean_menu_typo_font_size_unit":"px","ocean_menu_typo_font_weight":"","ocean_menu_typo_font_weight_tablet":"","ocean_menu_typo_font_weight_mobile":"","ocean_menu_typo_transform":"","ocean_menu_typo_transform_tablet":"","ocean_menu_typo_transform_mobile":"","ocean_menu_typo_line_height":0,"ocean_menu_typo_line_height_tablet":0,"ocean_menu_typo_line_height_mobile":0,"ocean_menu_typo_line_height_unit":"","ocean_menu_typo_spacing":0,"ocean_menu_typo_spacing_tablet":0,"ocean_menu_typo_spacing_mobile":0,"ocean_menu_typo_spacing_unit":"","ocean_menu_link_color":"","ocean_menu_link_color_hover":"","ocean_menu_link_color_active":"","ocean_menu_link_background":"","ocean_menu_link_hover_background":"","ocean_menu_link_active_background":"","ocean_menu_social_links_bg":"","ocean_menu_social_hover_links_bg":"","ocean_menu_social_links_color":"","ocean_menu_social_hover_links_color":"","ocean_disable_title":"default","ocean_disable_heading":"default","ocean_post_title":"","ocean_post_subheading":"","ocean_post_title_style":"","ocean_post_title_background_color":"","ocean_post_title_background":0,"ocean_post_title_bg_image_position":"","ocean_post_title_bg_image_attachment":"","ocean_post_title_bg_image_repeat":"","ocean_post_title_bg_image_size":"","ocean_post_title_height":0,"ocean_post_title_bg_overlay":0.5,"ocean_post_title_bg_overlay_color":"","ocean_disable_breadcrumbs":"default","ocean_breadcrumbs_color":"","ocean_breadcrumbs_separator_color":"","ocean_breadcrumbs_links_color":"","ocean_breadcrumbs_links_hover_color":"","ocean_display_footer_widgets":"default","ocean_display_footer_bottom":"default","ocean_custom_footer_template":"0"},"product_brand":[],"product_cat":[22,21],"product_tag":[],"class_list":{"0":"post-881","1":"product","2":"type-product","3":"status-publish","4":"has-post-thumbnail","6":"product_cat-corps","7":"product_cat-visage","9":"entry","10":"has-media","12":"first","13":"instock","14":"taxable","15":"shipping-taxable","16":"purchasable","17":"product-type-simple","18":"has-product-nav","19":"col","20":"span_1_of_3","21":"owp-content-center","22":"owp-thumbs-layout-horizontal","23":"owp-btn-normal","24":"owp-tabs-layout-horizontal"},"_links":{"self":[{"href":"https:\/\/ellypara.com\/index.php\/wp-json\/wp\/v2\/product\/881","targetHints":{"allow":["GET"]}}],"collection":[{"href":"https:\/\/ellypara.com\/index.php\/wp-json\/wp\/v2\/product"}],"about":[{"href":"https:\/\/ellypara.com\/index.php\/wp-json\/wp\/v2\/types\/product"}],"replies":[{"embeddable":true,"href":"https:\/\/ellypara.com\/index.php\/wp-json\/wp\/v2\/comments?post=881"}],"wp:featuredmedia":[{"embeddable":true,"href":"https:\/\/ellypara.com\/index.php\/wp-json\/wp\/v2\/media\/882"}],"wp:attachment":[{"href":"https:\/\/ellypara.com\/index.php\/wp-json\/wp\/v2\/media?parent=881"}],"wp:term":[{"taxonomy":"product_brand","embeddable":true,"href":"https:\/\/ellypara.com\/index.php\/wp-json\/wp\/v2\/product_brand?post=881"},{"taxonomy":"product_cat","embeddable":true,"href":"https:\/\/ellypara.com\/index.php\/wp-json\/wp\/v2\/product_cat?post=881"},{"taxonomy":"product_tag","embeddable":true,"href":"https:\/\/ellypara.com\/index.php\/wp-json\/wp\/v2\/product_tag?post=881"}],"curies":[{"name":"wp","href":"https:\/\/api.w.org\/{rel}","templated":true}]}}