{"id":904,"date":"2025-03-19T14:30:11","date_gmt":"2025-03-19T13:30:11","guid":{"rendered":"https:\/\/ellypara.com\/?post_type=product&#038;p=904"},"modified":"2025-03-19T14:30:11","modified_gmt":"2025-03-19T13:30:11","slug":"svr-cicavit-cr-apaisante-40ml","status":"publish","type":"product","link":"https:\/\/ellypara.com\/index.php\/produit\/svr-cicavit-cr-apaisante-40ml\/","title":{"rendered":"SVR CICAVIT+ CR APAISANTE 40ML"},"content":{"rendered":"<p><strong>SVR Cicavit+ Cr\u00e8me Apaisante\u00a0R\u00e9paration Acc\u00e9l\u00e9r\u00e9e Anti-Marques 40 ml<\/strong> est un soin \u00e9labor\u00e9 pour apaiser et assainir les peaux irrit\u00e9es suite \u00e0 des alt\u00e9rations cutan\u00e9es superficielles des b\u00e9b\u00e9s, enfants, adultes.<br \/>\nCette cr\u00e8me acc\u00e9l\u00e8re la r\u00e9paration cutan\u00e9e et r\u00e9duit les rougeurs, elle offre une action anti-marques renforc\u00e9e. Sa formule est bas\u00e9e sur le Complexe Micro-Repair 43% :<\/p>\n<p>Actif r\u00e9parateur : Il apaise, r\u00e9pare la peau 7 fois plus rapidement (qu\u2019une peau non trait\u00e9e).<br \/>\nPolysaccharide : Il emp\u00eache l\u2019adh\u00e9sion des bact\u00e9ries.<br \/>\nSucre pr\u00e9biotique : Il restaure l\u2019\u00e9quilibre de la flore cutan\u00e9e.<br \/>\nSa texture \u00e0 p\u00e9n\u00e9tration rapide et sans fini gras, offre un confort imm\u00e9diat.<\/p>\n<p><strong>CONSEIL D\u2019UTILISATION<\/strong><\/p>\n<p>Appliquer sur les zones concern\u00e9es propres et s\u00e8ches 2 fois par jour.<\/p>\n<p>Usage externe.<\/p>\n<p>Indication : Visage et corps. B\u00e9b\u00e9s, enfants, adultes.<\/p>\n<p><strong>COMPOSITION<\/strong><\/p>\n<p>Aqua (Purified Water), Hydrogenated Polyisobutene, Butyrospermum Parkii (Shea) Butter, Glycerin, Dimethiconol Behenate, Orbignya, Oleifera Seed Oil, Propanediol, Ethylhexyl Stearate, Dimethicone, Peg-30 Dipolyhydroxystearate, Alpha-Glucan Oligosaccharide, Cafeyl Glucoside, Disodium Acetyl Glucosamine Phosphate, Glucose, Rhamnose, Tocopherol, 1-2 Hexanediol, Caprylyl Glycol, Citric Acid, Glucuronic Acid, Magn\u00e9sium Sulfate, Pentylene Glycol, Sodium Hydroxide, Xanthan Gum, P-Anisic Acid.<\/p>\n","protected":false},"excerpt":{"rendered":"<p><strong>SVR Cicavit+ Cr\u00e8me Apaisante R\u00e9paration Acc\u00e9l\u00e9r\u00e9e Anti-Marques 40 ml<\/strong> est un soin \u00e9labor\u00e9 pour apaiser et assainir les peaux irrit\u00e9es suite \u00e0 des alt\u00e9rations cutan\u00e9es superficielles des b\u00e9b\u00e9s, enfants, adultes.<\/p>\n","protected":false},"featured_media":905,"comment_status":"open","ping_status":"closed","template":"","meta":{"ocean_post_layout":"","ocean_both_sidebars_style":"","ocean_both_sidebars_content_width":0,"ocean_both_sidebars_sidebars_width":0,"ocean_sidebar":"0","ocean_second_sidebar":"0","ocean_disable_margins":"enable","ocean_add_body_class":"","ocean_shortcode_before_top_bar":"","ocean_shortcode_after_top_bar":"","ocean_shortcode_before_header":"","ocean_shortcode_after_header":"","ocean_has_shortcode":"","ocean_shortcode_after_title":"","ocean_shortcode_before_footer_widgets":"","ocean_shortcode_after_footer_widgets":"","ocean_shortcode_before_footer_bottom":"","ocean_shortcode_after_footer_bottom":"","ocean_display_top_bar":"default","ocean_display_header":"default","ocean_header_style":"","ocean_center_header_left_menu":"0","ocean_custom_header_template":"0","ocean_custom_logo":0,"ocean_custom_retina_logo":0,"ocean_custom_logo_max_width":0,"ocean_custom_logo_tablet_max_width":0,"ocean_custom_logo_mobile_max_width":0,"ocean_custom_logo_max_height":0,"ocean_custom_logo_tablet_max_height":0,"ocean_custom_logo_mobile_max_height":0,"ocean_header_custom_menu":"0","ocean_menu_typo_font_family":"0","ocean_menu_typo_font_subset":"","ocean_menu_typo_font_size":0,"ocean_menu_typo_font_size_tablet":0,"ocean_menu_typo_font_size_mobile":0,"ocean_menu_typo_font_size_unit":"px","ocean_menu_typo_font_weight":"","ocean_menu_typo_font_weight_tablet":"","ocean_menu_typo_font_weight_mobile":"","ocean_menu_typo_transform":"","ocean_menu_typo_transform_tablet":"","ocean_menu_typo_transform_mobile":"","ocean_menu_typo_line_height":0,"ocean_menu_typo_line_height_tablet":0,"ocean_menu_typo_line_height_mobile":0,"ocean_menu_typo_line_height_unit":"","ocean_menu_typo_spacing":0,"ocean_menu_typo_spacing_tablet":0,"ocean_menu_typo_spacing_mobile":0,"ocean_menu_typo_spacing_unit":"","ocean_menu_link_color":"","ocean_menu_link_color_hover":"","ocean_menu_link_color_active":"","ocean_menu_link_background":"","ocean_menu_link_hover_background":"","ocean_menu_link_active_background":"","ocean_menu_social_links_bg":"","ocean_menu_social_hover_links_bg":"","ocean_menu_social_links_color":"","ocean_menu_social_hover_links_color":"","ocean_disable_title":"default","ocean_disable_heading":"default","ocean_post_title":"","ocean_post_subheading":"","ocean_post_title_style":"","ocean_post_title_background_color":"","ocean_post_title_background":0,"ocean_post_title_bg_image_position":"","ocean_post_title_bg_image_attachment":"","ocean_post_title_bg_image_repeat":"","ocean_post_title_bg_image_size":"","ocean_post_title_height":0,"ocean_post_title_bg_overlay":0.5,"ocean_post_title_bg_overlay_color":"","ocean_disable_breadcrumbs":"default","ocean_breadcrumbs_color":"","ocean_breadcrumbs_separator_color":"","ocean_breadcrumbs_links_color":"","ocean_breadcrumbs_links_hover_color":"","ocean_display_footer_widgets":"default","ocean_display_footer_bottom":"default","ocean_custom_footer_template":"0"},"product_brand":[],"product_cat":[22,43,21],"product_tag":[],"class_list":{"0":"post-904","1":"product","2":"type-product","3":"status-publish","4":"has-post-thumbnail","6":"product_cat-corps","7":"product_cat-soins-anti-rougeurs-et-peau-sensible","8":"product_cat-visage","10":"entry","11":"has-media","13":"first","14":"instock","15":"taxable","16":"shipping-taxable","17":"purchasable","18":"product-type-simple","19":"has-product-nav","20":"col","21":"span_1_of_3","22":"owp-content-center","23":"owp-thumbs-layout-horizontal","24":"owp-btn-normal","25":"owp-tabs-layout-horizontal"},"_links":{"self":[{"href":"https:\/\/ellypara.com\/index.php\/wp-json\/wp\/v2\/product\/904","targetHints":{"allow":["GET"]}}],"collection":[{"href":"https:\/\/ellypara.com\/index.php\/wp-json\/wp\/v2\/product"}],"about":[{"href":"https:\/\/ellypara.com\/index.php\/wp-json\/wp\/v2\/types\/product"}],"replies":[{"embeddable":true,"href":"https:\/\/ellypara.com\/index.php\/wp-json\/wp\/v2\/comments?post=904"}],"wp:featuredmedia":[{"embeddable":true,"href":"https:\/\/ellypara.com\/index.php\/wp-json\/wp\/v2\/media\/905"}],"wp:attachment":[{"href":"https:\/\/ellypara.com\/index.php\/wp-json\/wp\/v2\/media?parent=904"}],"wp:term":[{"taxonomy":"product_brand","embeddable":true,"href":"https:\/\/ellypara.com\/index.php\/wp-json\/wp\/v2\/product_brand?post=904"},{"taxonomy":"product_cat","embeddable":true,"href":"https:\/\/ellypara.com\/index.php\/wp-json\/wp\/v2\/product_cat?post=904"},{"taxonomy":"product_tag","embeddable":true,"href":"https:\/\/ellypara.com\/index.php\/wp-json\/wp\/v2\/product_tag?post=904"}],"curies":[{"name":"wp","href":"https:\/\/api.w.org\/{rel}","templated":true}]}}