{"id":966,"date":"2025-03-21T14:29:35","date_gmt":"2025-03-21T13:29:35","guid":{"rendered":"https:\/\/ellypara.com\/?post_type=product&#038;p=966"},"modified":"2025-03-21T14:29:35","modified_gmt":"2025-03-21T13:29:35","slug":"svr-densitium-trousse-cr-riche-baume-nuit-15ml-offert","status":"publish","type":"product","link":"https:\/\/ellypara.com\/index.php\/produit\/svr-densitium-trousse-cr-riche-baume-nuit-15ml-offert\/","title":{"rendered":"SVR DENSITIUM TROUSSE CR RICHE + BAUME NUIT 15ML OFFERT"},"content":{"rendered":"<p><strong>SVR Coffret Ma Routine Anti-\u00e2ge Globale Densitium Peaux S\u00e8ches \u00e0 Tr\u00e8s S\u00e8ches \u2013 cr\u00e8me correction globale 50 ml + baume nuit offert<\/strong><\/p>\n<p>Le coffret Ma routine anti-\u00e2ge globale Densitium SVR est une trousse contenant une routine anti-\u00e2ge globale destin\u00e9e aux peaux normales \u00e0 s\u00e8ches.<\/p>\n<p>&nbsp;<\/p>\n<ul>\n<li><strong>SVR DENSITIUM CREME RICHE \u2013 SOIN DENSIFIANT COMPLET 50ML<\/strong>\u00a0: SVR DENSITIUM CREME RICHE est destin\u00e9e aux femmes de plus de 45 ans, l\u2019\u00e2ge o\u00f9 l\u2019\u00e9piderme et le m\u00e9tabolisme se ralentit. C\u2019est \u00e0 ce moment que la peau perd sa densit\u00e9 et devient s\u00e8che. Pour cela les laboratoires SVR ont travaill\u00e9 pour cr\u00e9er cette cr\u00e8me dont la puissance du Bio-calcium r\u00e9active la coh\u00e9sion cellulaire et ce en s\u2019associant aux K\u00e9ratinocytes, il ne faut pas oublier qu\u2019il permet aussi de restructurer l\u2019\u00e9piderme<\/li>\n<\/ul>\n<p>&nbsp;<\/p>\n<ul>\n<li><strong>DENSITIUM Baume de Nuit 15 ML OFFERT\u00a0<\/strong>: Innovation DENSITIUM, la correction globale dermatologique pour une efficacit\u00e9 renforc\u00e9e sur l\u2019ensemble des signes de l\u2019\u00e2ge : s\u00e9cheresse, rides, rel\u00e2chement cutan\u00e9, perte d\u2019\u00e9clat et d\u2019uniformit\u00e9. DENSITIUM BAUME NUIT a \u00e9t\u00e9 sp\u00e9cialement formul\u00e9 pour accompagner la peau dans les bouleversements dus \u00e0 la m\u00e9nopause et r\u00e9pondre aux besoins des peaux matures. Il contrebalance les effets li\u00e9s au d\u00e9r\u00e8glement de la chronobiologie cutan\u00e9e.<\/li>\n<\/ul>\n","protected":false},"excerpt":{"rendered":"<p><strong>Le coffret Ma routine anti-\u00e2ge globale Densitium SVR<\/strong> est une trousse contenant une routine anti-\u00e2ge globale destin\u00e9e aux Peaux S\u00e8ches \u00e0 Tr\u00e8s S\u00e8ches.<\/p>\n","protected":false},"featured_media":967,"comment_status":"open","ping_status":"closed","template":"","meta":{"ocean_post_layout":"","ocean_both_sidebars_style":"","ocean_both_sidebars_content_width":0,"ocean_both_sidebars_sidebars_width":0,"ocean_sidebar":"0","ocean_second_sidebar":"0","ocean_disable_margins":"enable","ocean_add_body_class":"","ocean_shortcode_before_top_bar":"","ocean_shortcode_after_top_bar":"","ocean_shortcode_before_header":"","ocean_shortcode_after_header":"","ocean_has_shortcode":"","ocean_shortcode_after_title":"","ocean_shortcode_before_footer_widgets":"","ocean_shortcode_after_footer_widgets":"","ocean_shortcode_before_footer_bottom":"","ocean_shortcode_after_footer_bottom":"","ocean_display_top_bar":"default","ocean_display_header":"default","ocean_header_style":"","ocean_center_header_left_menu":"0","ocean_custom_header_template":"0","ocean_custom_logo":0,"ocean_custom_retina_logo":0,"ocean_custom_logo_max_width":0,"ocean_custom_logo_tablet_max_width":0,"ocean_custom_logo_mobile_max_width":0,"ocean_custom_logo_max_height":0,"ocean_custom_logo_tablet_max_height":0,"ocean_custom_logo_mobile_max_height":0,"ocean_header_custom_menu":"0","ocean_menu_typo_font_family":"0","ocean_menu_typo_font_subset":"","ocean_menu_typo_font_size":0,"ocean_menu_typo_font_size_tablet":0,"ocean_menu_typo_font_size_mobile":0,"ocean_menu_typo_font_size_unit":"px","ocean_menu_typo_font_weight":"","ocean_menu_typo_font_weight_tablet":"","ocean_menu_typo_font_weight_mobile":"","ocean_menu_typo_transform":"","ocean_menu_typo_transform_tablet":"","ocean_menu_typo_transform_mobile":"","ocean_menu_typo_line_height":0,"ocean_menu_typo_line_height_tablet":0,"ocean_menu_typo_line_height_mobile":0,"ocean_menu_typo_line_height_unit":"","ocean_menu_typo_spacing":0,"ocean_menu_typo_spacing_tablet":0,"ocean_menu_typo_spacing_mobile":0,"ocean_menu_typo_spacing_unit":"","ocean_menu_link_color":"","ocean_menu_link_color_hover":"","ocean_menu_link_color_active":"","ocean_menu_link_background":"","ocean_menu_link_hover_background":"","ocean_menu_link_active_background":"","ocean_menu_social_links_bg":"","ocean_menu_social_hover_links_bg":"","ocean_menu_social_links_color":"","ocean_menu_social_hover_links_color":"","ocean_disable_title":"default","ocean_disable_heading":"default","ocean_post_title":"","ocean_post_subheading":"","ocean_post_title_style":"","ocean_post_title_background_color":"","ocean_post_title_background":0,"ocean_post_title_bg_image_position":"","ocean_post_title_bg_image_attachment":"","ocean_post_title_bg_image_repeat":"","ocean_post_title_bg_image_size":"","ocean_post_title_height":0,"ocean_post_title_bg_overlay":0.5,"ocean_post_title_bg_overlay_color":"","ocean_disable_breadcrumbs":"default","ocean_breadcrumbs_color":"","ocean_breadcrumbs_separator_color":"","ocean_breadcrumbs_links_color":"","ocean_breadcrumbs_links_hover_color":"","ocean_display_footer_widgets":"default","ocean_display_footer_bottom":"default","ocean_custom_footer_template":"0"},"product_brand":[],"product_cat":[42,36,35,21],"product_tag":[],"class_list":{"0":"post-966","1":"product","2":"type-product","3":"status-publish","4":"has-post-thumbnail","6":"product_cat-peaux-seches","7":"product_cat-soins-anti-age-et-anti-rides","8":"product_cat-soins-hydratants-et-nourrissants","9":"product_cat-visage","11":"entry","12":"has-media","14":"first","15":"instock","16":"taxable","17":"shipping-taxable","18":"purchasable","19":"product-type-simple","20":"has-product-nav","21":"col","22":"span_1_of_3","23":"owp-content-center","24":"owp-thumbs-layout-horizontal","25":"owp-btn-normal","26":"owp-tabs-layout-horizontal","27":"has-no-thumbnails"},"_links":{"self":[{"href":"https:\/\/ellypara.com\/index.php\/wp-json\/wp\/v2\/product\/966","targetHints":{"allow":["GET"]}}],"collection":[{"href":"https:\/\/ellypara.com\/index.php\/wp-json\/wp\/v2\/product"}],"about":[{"href":"https:\/\/ellypara.com\/index.php\/wp-json\/wp\/v2\/types\/product"}],"replies":[{"embeddable":true,"href":"https:\/\/ellypara.com\/index.php\/wp-json\/wp\/v2\/comments?post=966"}],"wp:featuredmedia":[{"embeddable":true,"href":"https:\/\/ellypara.com\/index.php\/wp-json\/wp\/v2\/media\/967"}],"wp:attachment":[{"href":"https:\/\/ellypara.com\/index.php\/wp-json\/wp\/v2\/media?parent=966"}],"wp:term":[{"taxonomy":"product_brand","embeddable":true,"href":"https:\/\/ellypara.com\/index.php\/wp-json\/wp\/v2\/product_brand?post=966"},{"taxonomy":"product_cat","embeddable":true,"href":"https:\/\/ellypara.com\/index.php\/wp-json\/wp\/v2\/product_cat?post=966"},{"taxonomy":"product_tag","embeddable":true,"href":"https:\/\/ellypara.com\/index.php\/wp-json\/wp\/v2\/product_tag?post=966"}],"curies":[{"name":"wp","href":"https:\/\/api.w.org\/{rel}","templated":true}]}}